*4/3 - p**3/6 - 79*p**2. Calculate o(1).
7
Let a(m) be the third derivative of m**4/8 + 4*m**3/3 - 6*m**2 - 4*m. Determine a(-6).
-10
Suppose 3*b + 30 = 63. Let m(x) = -2*x + 20. What is m(b)?
-2
Suppose 0*u - u = -4*h + 9, 3*u + 47 = 2*h. Let f = 15 + u. Let y(k) = 3*k + 3. Give y(f).
-3
Let k(o) = -8*o**2 + 1. Suppose -3*j = 5*v + 19, -v + 2*v + 13 = 4*j. Suppose -y = j*y - 21. Let s = y + -6. Calculate k(s).
-7
Suppose 0*f + 4*f - 22 = 3*s, -4*s - f = 23. Let t(v) = 6*v**2 + 10*v - 2. Let l(g) = -5*g**2 - 9*g + 1. Let a(j) = -5*l(j) - 4*t(j). Give a(s).
9
Suppose 4*v = -0*v + 36. Let q(x) = -2*x - 3 + v*x - 2*x**2 - 3. Let j be 21/14*(-176)/(-66). What is q(j)?
-10
Let d(f) be the first derivative of -f**5/60 + f**4/4 - f**3/2 + 5*f**2/2 - 19. Let h(u) be the second derivative of d(u). What is h(6)?
-3
Let i(l) = 3. Let z(w) = w. Let p(r) = 2*i(r) - 2*z(r). Let a be 8/28 + 82/7. Suppose -a = -4*j + j. Calculate p(j).
-2
Let c(g) be the second derivative of -g**4/6 - g**3/2 - 16*g. Give c(-2).
-2
Let x = -40 - -44. Let s(o) = o - 3. Let b(q) = -q + 3. Let z(t) = 6*b(t) + 5*s(t). Calculate z(x).
-1
Let j(a) = -a - 4. Let v = -35 - -20. Let f = 17 + v. Suppose f*n - 20 = -3*n. Calculate j(n).
-8
Let j(r) = -1. Let y(k) = k - 9. Let f(v) = -6*j(v) + y(v). What is f(6)?
3
Let b(a) = 4 - 4 + 9*a - 4. Let d(n) = 6*n - 3. Let f = 753 + -745. Let h(x) = f*d(x) - 5*b(x). Give h(6).
14
Let u(f) = 4*f**3 - 2*f**2 + 3*f - 2. Let p be u(1). Let q(c) be the second derivative of -1/2*c**2 + 0 - 1/6*c**p - 4*c. What is q(3)?
-4
Let u(y) be the second derivative of y**5/20 - 7*y**4/12 - 5*y**3/3 + y**2 - 67*y - 1. What is u(8)?
-14
Let p(z) = -5*z**2 + 74*z - 20. Let l(a) = -11*a**2 + 156*a - 41. Let m(c) = 6*l(c) - 13*p(c). Give m(-26).
14
Let o(p) be the third derivative of -p**6/120 - p**5/60 - 2*p**2. Let t(u) = 7*u**3 + 11*u**2 - 6*u - 1. Let d(y) = -6*o(y) - t(y). Determine d(-6).
1
Let y = 118 - 112. Let m(a) = a**2 - 8. Calculate m(y).
28
Let u be (20/(-6))/((-2)/3). Let l(v) be the third derivative of -v**4/24 + 7*v**3/6 - v**2 - 205*v. Give l(u).
2
Let a(p) = -8*p + 0*p + p - 3*p**2 + p + p - 2. What is a(-3)?
-14
Suppose 4*j - 14 = 3*b, 179*j = -2*b + 175*j + 4. Let w(o) be the third derivative of o**5/60 - o**4/8 - o**3/2 + 2*o**2. Calculate w(b).
7
Let k be ((-5 - -1) + 0)/(2/(-3)). Let d(q) = 3 + 3 + 11*q + q - q**2 - k*q. Determine d(7).
-1
Let h(k) be the second derivative of -k**5/120 + k**4/4 - 11*k**3/6 - k**2 - 2*k + 2. Let v(g) be the second derivative of h(g). Give v(-5).
11
Suppose 0*c = -2*c + 2. Let r(w) = 4*w**2 - 2*w - 1. Let u(t) = -10*t**2 + 3*t + 2. Let s(h) = 7*r(h) + 4*u(h). What is s(c)?
-13
Let k(w) = 15*w + 42*w**2 - w**3 + 20 - 51*w**2 - 7 - 3*w. Give k(-10).
-7
Suppose 2*z + 3*a - 4*a = 4, -3*a = -4*z + 8. Let c(w) = 0*w**2 - w**z - 782*w + 788*w. Give c(5).
5
Let h(l) = 25*l - 10. Let y be h(-6). Let r be ((-30)/(-20))/((-6)/y). Let t be (-10)/r*16/(-2). Let b(p) = -p**2 - 2*p + 2. Calculate b(t).
-6
Let m(x) = 35*x**2 + 19*x + 7. Let z(u) = 13*u**2 + 6*u + 2. Let r(d) = 3*m(d) - 8*z(d). What is r(-8)?
-3
Let a be (-8)/(-7) + 222/14 + -13. Let g(m) be the first derivative of -m**4/4 + m**3 + 5*m**2/2 + 3*m - 1. Determine g(a).
7
Let q(l) = l**2 - 22*l + 119. Let c be q(11). Let o(v) = v - 1. What is o(c)?
-3
Let z(s) = 9*s**3 - s**2 + 3*s - 7. Let n(i) = 8*i**3 - 2*i**2 + 4*i - 10. Let a(w) = -2*n(w) + 3*z(w). Determine a(1).
12
Suppose 4*s - 10 = -2*a - 2, -2*a + 5*s = 28. Let w be 3 - 0*a/(-12). Let q(g) = -g**w + 9 - g**2 - 2 + g + 0*g**2 + 0*g**3. What is q(0)?
7
Let l(m) be the second derivative of -m**3/6 + m**2/2 + m. Let c(b) = -2*b + 10. Let y = -31 + 39. Let t be c(y). Determine l(t).
7
Let i(h) be the first derivative of 18 - 2*h - 2/3*h**3 + h**2. Let f be 15/25*(7 - 2). Determine i(f).
-14
Let z = 27 - 30. Let i be -1*(z + 2)/(-1). Let d(c) = 9*c. Determine d(i).
-9
Let p(j) = j**3 - 4*j**2 - j - 8. Let r(o) = -5*o**3 + 19*o**2 + 5*o + 40. Let q(m) = -11*p(m) - 2*r(m). Let k be (-10)/15 + (-40)/(-6). Give q(k).
14
Let v be 0 - ((-6)/(-2) + 0). Let w(j) = -j. Let u be w(v). Let z(i) = -3*i**2 + i**u + 2*i + 4 + 0*i + 2 - 5*i. Calculate z(4).
10
Let t(n) = -5*n + 1. Suppose -r - 2*s = 2, 3*r + r + 18 = -3*s. Let d be (-9 - -12)*(-8)/r. Suppose 2*k - d = -0*k. What is t(k)?
-9
Let a = 1250 - 1264. Let q(w) = -w**3 - 15*w**2 - 12*w - 6. Calculate q(a).
-34
Let o(m) be the third derivative of -m**4/6 + m**2. Suppose 389*f - 394*f - 15 = 0. Give o(f).
12
Suppose -2*q = -28*t + 30*t - 28, -2*q + 2*t = -28. Let d(i) = 2*i - 33. Give d(q).
-5
Let m = -15 + 15. Suppose 6 = 2*g - m. Let i(b) = 2*b**2 - 4*b + 4. What is i(g)?
10
Let z = -13 - -15. Let h(j) = -1 - 4*j + 18*j**2 - 6*j**2 - 6*j**2 - 7*j**z. Determine h(-5).
-6
Let w(v) = 25*v - 23*v + 1 + 1. Let m(z) = -6*z - 6. Let h(s) = -3*m(s) - 8*w(s). Suppose -2*t = -b + 7, 0*t = 2*t + b + 1. Determine h(t).
-2
Let y(w) = -w**3 - w**2 - w + 2. Let b = 515 - 515. Give y(b).
2
Let h(q) be the third derivative of -q**6/360 + 3*q**5/40 + 5*q**4/12 + 15*q**2. Let z(m) be the second derivative of h(m). What is z(7)?
-5
Let p(l) = l**3 - 6*l**2 - 2*l - 11. Let c = 687 + -681. Determine p(c).
-23
Let p(z) = -z**3 - 9*z**2 - 21*z - 24. Let v be p(-6). Let l(q) = -q**3 - 6*q**2 - q - 13. What is l(v)?
-7
Let p(d) = -d + 7. Let k(f) = -f**3 + 5*f**2 + f + 5. Let c be k(5). Let i = -8 + c. Let q be (60/(-40))/((-1)/i). Determine p(q).
4
Let j(v) = v**3 - 9*v**2 + 11*v - 12. Suppose 57 = 4*r - 5*c, -r - 3*r + 3*c + 47 = 0. Calculate j(r).
12
Let x(p) be the third derivative of p**4/24 + p**3/6 - 69*p**2. Let r(a) be the third derivative of a**4/6 - 2*a**2. Let k be r(-1). Calculate x(k).
-3
Suppose 3*g = -6, g + 2 = h + 3*g. Suppose -b = -6*p + 3*p - h, 3*b + 4*p - 18 = 0. Let x(t) = t**2 - 4*t + 5. What is x(b)?
17
Let w(k) = -k + 9. Let v(y) = y**3 - 12*y**2 + 2. Let t be v(12). Suppose -t*z + 10 + 0 = 0. Calculate w(z).
4
Let v(n) = -n + 6. Let h(w) = -w**2 - 6*w - 5. Let t be h(-4). Suppose -3 + t = 4*u. Give v(u).
6
Let n(l) = -13 - 192*l + 106*l + 87*l. Determine n(10).
-3
Let g(a) = a**2 + 8*a + 3. Let i(z) = -6*z**3 + 3*z**2 + 5*z + 2. Let m be i(-2). Let y be (-4)/5 - m/10. What is g(y)?
-9
Let t(a) = -2*a**2 - 9*a + 16. Let u(v) = -v**2 - 10*v + 15. Let h(s) = 2*t(s) - 3*u(s). Suppose -8*g - g = -90. Give h(g).
7
Let u(w) = -w**2 - w - 1. Let l be u(-1). Let q(r) = -15*r. Let v(a) = 13*a. Let g(x) = 6*q(x) + 7*v(x). Give g(l).
-1
Suppose 36 = 3*s - 3*o, -o = s - 4*s + 42. Suppose w = -l - 3*l + s, -4*l + 3*w = -3. Suppose -l*a - 16 = a. Let x(u) = -u - 4. Give x(a).
0
Let w be 32/14 - 8/28. Let b(t) = 3*t**2 + t + 2. Let x be b(-2). Let n(v) = x*v - 36*v + 21*v + 3 - v**3. Calculate n(w).
-11
Suppose 4*v - 200 = 2*c - 4*c, 2*v - 5*c - 100 = 0. Let s = v - 55. Let t(x) = -x**3 - 5*x**2. Determine t(s).
0
Let g(h) = -3*h - 6. Suppose -4*c + 11 = 19. Let z be -4 - (c + 1 + 2). Let w be 0 + z + (-3 - -4). Give g(w).
6
Let n(b) = 4*b + 0 + 7 - 19*b + 4 - 15. What is n(-2)?
26
Let t(n) = -n - 17. Let v be (1 + 2/(-2))/(-1). What is t(v)?
-17
Let y(k) be the third derivative of -k**4/24 - 7*k**3/6 + k**2. Let f(p) = -p - 8. Let o = 39 + -34. Let d(v) = o*y(v) - 4*f(v). What is d(-3)?
0
Suppose 0*d - 3 = -d. Let c(n) = d - 2*n + 6*n - 4*n - 2*n. What is c(5)?
-7
Let a(r) be the third derivative of 0*r + 2*r**2 + 0*r**3 - 1/24*r**4 + 0. What is a(1)?
-1
Let i(m) = 6*m**3 + m**2 + m. Let u be i(-1). Let x be (9 - 8) + u/(-1). Suppose -2 = z - x. Let b(j) = j**3 - 4*j**2 - j - 5. Calculate b(z).
15
Let x = 583 + -583. Let w(c) = -c**2 - 19. Determine w(x).
-19
Let y(i) = 7*i + 2. Suppose 4*c = l - 10 + 29, -3*c + 12 = -3*l. What is y(l)?
9
Let i(c) = -2*c**2 + 8*c - 2. Let n(k) = -6*k**2 + 24*k - 6. Let p(y) = -14*i(y) + 5*n(y). Calculate p(6).
-26
Let n(v) be the first derivative of -v**3/3 - 5*v**2/2 + 6*v + 258. Give n(-7).
-8
Let p be 5*((-1 - 1) + 3). Let g(o) be the third derivative of o**6/120 - o**5/15 - o**4/12 - 5*o**3/6 + 17*o**2 + 4. Determine g(p).
10
Let v(l) = -5 + 0*l + 2*l - 5*l**2 + 3*l**2 + 1. Let s = 219 - 216. What is v(s)?
-16
Suppose 4*w + 4*l + 504 = 0, -8*w + 4*l + 627 = -13*w. Let s = -129 - w. Let k(y) = -2*y - 9. Give k(s).
3
Let y(s) = -s**3 - 7*s